ens digit of x?
1
Suppose -46228 = -294*c + 268*c. What is the tens digit of c?
7
Let s(f) be the third derivative of 7*f**5/30 + f**3/2 - 6*f**2. What is the tens digit of s(-2)?
5
Suppose 5*k + 2*l - 2984 = -0*k, -2976 = -5*k + 2*l. What is the units digit of k?
6
Let k = 78 - 66. Let g(u) = 2*u**2 - 12*u - 22. What is the hundreds digit of g(k)?
1
Suppose 5*r - s = 60, 5*r + 4*s = 4*r + 12. What is the units digit of r/(-60) + (-291)/(-5)?
8
Let y be (2 + -3)/(10/(-190)). What is the units digit of y*(10/(-5) - -3)?
9
Suppose 5*q + 4667 = 3*j, 6216 = 4*j - 31*q + 26*q. What is the hundreds digit of j?
5
Let n be -1 + (2 - (-3)/(-3)) - 21. Let v = 253 + n. What is the hundreds digit of v?
2
Let c = -12 + 12. Let g be c + (-3)/(-4 + 3). Suppose -3*y = 4*o - 85, -y = -g*y + 3*o + 34. What is the units digit of y?
3
Let r = 4742 + -1657. What is the tens digit of r?
8
Suppose 0 = -698*c + 712*c - 13482. What is the tens digit of c?
6
What is the hundreds digit of 430 + 7 + 12/(-3)?
4
Let t(q) = q - 9. Let m be t(8). What is the tens digit of (-37)/m + (12 - 10)?
3
Let v be 18/(-4) + (-9)/(-6). Let f = v - -40. What is the tens digit of f?
3
Suppose -2*j = -2*k - k + 727, -3*j = -12. What is the hundreds digit of k?
2
Suppose -1182*o + 1175*o + 8379 = 0. What is the thousands digit of o?
1
Let m = -7928 - -11373. What is the thousands digit of m?
3
Let r be 6 + -5 + 2*-6. Let m(z) = -z**2 - 28*z - 47. What is the units digit of m(r)?
0
Let a = 1607 + -1482. What is the units digit of a?
5
Suppose -2*r = -f - 1402, -4 = f - 3*f. What is the tens digit of r?
0
Suppose -1251 = -u - 5*f - 491, 0 = -4*u + f + 3082. What is the hundreds digit of u?
7
Let c(j) = j**3 - 5*j**2 - 5*j. Let z be c(6). What is the tens digit of -14 + 10 - -13*z?
7
What is the tens digit of -6 - -919 - (0 + -2)?
1
Suppose q = g - 116, -2*g + 227 = 5*q - 6*q. Let l be (-4)/(-26) - g/(-39). Suppose -l*m + 80 = m. What is the units digit of m?
0
What is the hundreds digit of 17 - 22 - 6*-192?
1
Let m(j) = j**2 - 7*j + 2. Let c be m(7). What is the tens digit of (c - 9)*3*-3?
6
Let l be (-91)/(-39) + (-1)/3. What is the tens digit of 2 - l - (-21 + 3)?
1
Let k = 69 - 40. Let i = 30 - k. What is the units digit of i?
1
Let o(d) = -3*d**3 - 3*d**2 + 72*d + 48. What is the thousands digit of o(-11)?
2
Suppose 2*r - 1 = -11. Let y be (-2 - r)*(-10)/(-6). Suppose -2*a + 13 = y. What is the units digit of a?
4
Let z(p) = 3*p + 17. Let s be z(-9). What is the units digit of ((-2)/(12/s))/((-7)/(-147))?
5
Let h be (-9)/(-5) + (-1)/(-5). Suppose -17 + h = -5*m. What is the tens digit of (15/m - 1)*3?
1
Let q(k) = 4*k**2 + 162. What is the units digit of q(0)?
2
Let g(i) = i + 7. Suppose 14 = 4*r - 38. Let w be g(r). Suppose -w = 3*p - 4*p. What is the units digit of p?
0
Let k(x) = -x + 4. Let f be k(-7). Suppose f*p - 15*p = -220. What is the tens digit of p?
5
Let a be (9 + 1 + -3)*7. Suppose g + 9 + a = 0. Let k = -41 - g. What is the tens digit of k?
1
Let f(s) = -3*s - 3. Let c(v) = -10*v - 9. Let m(j) = -2*c(j) + 7*f(j). Let h be 33/(-3) + (-5 + 3)*-2. What is the units digit of m(h)?
4
Suppose 0 = g + 63 - 66. Suppose -g - 6 = -m. What is the units digit of m?
9
What is the units digit of 8/6*(-4)/(-16)*18?
6
Suppose -3*w = 5*g - 4195, 304 = 5*g + w - 3881. What is the tens digit of g?
3
Let u(s) = s - 7 + 0 + 3 - 9. Let p be u(4). What is the tens digit of p/(-6)*-2 - -31?
2
Let v be 2/3 + (-52)/(-12). Suppose -v*b = -219 + 4. Suppose 5*u = 4*u + b. What is the units digit of u?
3
Let s = 6621 - 4651. What is the hundreds digit of s?
9
Let y(u) = 4*u - 8. Let m be y(4). Suppose m*b + 0 = 32. What is the units digit of b?
4
Let x(r) = -r**2 + 10*r + 27. Let h be x(10). Suppose 24*a - h*a + 213 = 0. What is the units digit of a?
1
Let z be ((-55)/(-33))/(1/3). Suppose -z*t = -89 - 6. What is the tens digit of t?
1
Let j(c) = 6*c + 57. What is the tens digit of j(21)?
8
Suppose -267 = 17*o - 20*o. Suppose -3*g - 25 = -4*g + 3*t, -5*t + o = 3*g. What is the units digit of g?
8
Let o(u) = -u**3 + 7*u**2 - 9*u - 1. Let p be o(5). Suppose 3*g - 2*w = 273, -p*g - 4*w + 424 = 60. What is the units digit of g?
1
Suppose 0 = -58*j + 134890 + 90150. What is the thousands digit of j?
3
Let l(c) = c + 41. Let d(q) = 2*q + 41. Let f(n) = -2*d(n) + 3*l(n). What is the tens digit of f(-21)?
6
Let r = 58 + -1. Let w(g) = -4*g + 130. Let u be w(34). What is the units digit of 3 + -2*r/u?
2
Suppose 2*f - 67 = 11. Suppose -3*g - f + 96 = -2*a, -g + 33 = 4*a. Let h = g + 0. What is the tens digit of h?
2
Suppose -75*o = -78*o. Suppose -3*v + 166 - 52 = o. What is the tens digit of v?
3
What is the hundreds digit of (-593)/(-2) + ((-405)/30)/27?
2
Suppose -5*r = -2*z - 10, -r - 3*z = 2*r - 6. Suppose -i = -r*i + 27. What is the units digit of i?
7
What is the units digit of ((-2004)/(-6))/(-1 - (-72)/56)?
9
Let z = -66 - -108. Suppose -3*w - 6*d = -2*d - 35, 4*w - 25 = -d. Suppose -w*v + z = -13. What is the units digit of v?
1
Let o be 0/(3 - 1 - 0). Let a = 1 + 1. Suppose -a*w - 3*f = -43, o*w + 3*f + 8 = w. What is the units digit of w?
7
Let s(o) = 2*o**3 + 38*o**2 + 6*o - 114. What is the tens digit of s(-18)?
2
Let o(b) = 2*b**2 + 12*b + 439. What is the units digit of o(-18)?
1
Let z(d) = 72*d - 4. Let o(i) = -i**3 + 8*i**2 + i - 7. Let j be o(8). What is the units digit of z(j)?
8
Let b be (109/(-2))/((-33)/16 + 2). Suppose -3*v - 5*v + b = 0. What is the tens digit of v?
0
What is the hundreds digit of -4 - -1 - (-518 + -3)?
5
Let q be 1 + -96 + (0 - -4). Let j = q + 164. What is the units digit of j?
3
Suppose -52*u = -9694 - 64614. What is the units digit of u?
9
Suppose 0 = -4*a - 4 - 4. Suppose -5*m - 68 = 42. What is the tens digit of (3 - 2)/(a/m)?
1
What is the units digit of (31/(-2) - -3)/(1/(-18))?
5
Let w = 3810 - 1830. What is the thousands digit of w?
1
Let w = 1602 - 930. Suppose -w = -0*t - 4*t. What is the hundreds digit of t?
1
Let t(c) be the third derivative of c**6/180 - 5*c**4/24 + 7*c**3/3 + 4*c**2. Let i(n) be the first derivative of t(n). What is the tens digit of i(-5)?
4
Let v(b) = -2*b**3 + 15*b**2 - 35*b - 3. Let h(l) = 3*l**3 - 16*l**2 + 36*l + 2. Let x(g) = 3*h(g) + 4*v(g). What is the units digit of x(-14)?
0
Suppose 8*v = -885 + 5429. What is the hundreds digit of v?
5
Let q = 7031 + -4846. What is the tens digit of q?
8
Let d be (-3)/3 - 1 - -4. Let m(r) = -9*r**d - r**3 + 4 + 8*r + 9 + 2. What is the units digit of m(-10)?
5
Suppose w + 7*w - 32 = 0. Suppose 504 = w*l + 3*l. What is the units digit of l?
2
Let k(u) = 9*u + 6. Let t be k(4). Let n = 68 - t. Suppose 0 = 2*j - d - n, 2*j - 4 - 42 = -4*d. What is the units digit of j?
5
Suppose -6*v = -4*v. Suppose -3*q + 5 + 7 = v. Suppose u = q*u - 183. What is the tens digit of u?
6
Suppose 2*b - 1719 - 325 = -4*f, -2054 = -4*f + 3*b. What is the tens digit of ((-6)/(-5))/(2 - f/260)?
3
Let r(m) = -m - 9. Let o be r(-11). Let i(n) = -10*n**2 + n + 22*n**2 + 25*n**o. What is the tens digit of i(1)?
3
Suppose 3*u - 56 = -u. Suppose t + 520 = u*t. What is the tens digit of t?
4
Let c(p) = 3*p**3 + 2*p**2 + 6*p - 11. Let r(h) = 15*h**3 + 11*h**2 + 29*h - 55. Let a(w) = 11*c(w) - 2*r(w). What is the tens digit of a(2)?
2
Let x = 4 + -8. Let b(d) = -d**3 - 2*d**2 - 3*d + 8. What is the tens digit of b(x)?
5
Suppose -127 = -3*u + 2*z - 45, 0 = -3*u - 4*z + 106. Suppose 0*m + u = m. Let s = m + -21. What is the units digit of s?
9
Suppose 2*y + 166 = -0*y + 3*a, 2*y = -4*a - 152. Let s = y - -96. What is the tens digit of s?
1
Let k(g) be the third derivative of g**6/120 - 3*g**5/10 + 3*g**4/4 + 13*g**3/6 + 6*g**2. What is the units digit of k(17)?
0
Suppose -5*t + 5*d - 5 = 0, -2*t - d + 9 = -t. Suppose -4*q = -6*q + t. Suppose 6*l - 136 = q*l. What is the tens digit of l?
3
Let v(b) = b**3 + 17*b**2 - 22*b - 64. What is the units digit of v(-8)?
8
Let c be 26*((-3)/(-2) + -1). Let m = c - 15. What is the tens digit of (-3 - m) + 12/1?
1
Let w = 7352 - 3156. What is the units digit of w?
6
Let v(g) = g**2 + g - 1. Let t be v(2). Suppose -t*l + 3*k = -k + 6, -16 = -2*l - 3*k. Suppose -l*o - 2*o + 212 = 0. What is the tens digit of o?
5
What is the tens digit of (269/4 - 1)/((-8)/(-32))?
6
Suppose 0 = -4*b + b + 10